{"id":63,"date":"2025-02-26T16:51:28","date_gmt":"2025-02-26T15:51:28","guid":{"rendered":"https:\/\/www.hundewollenleben.net\/MITROVICA\/?page_id=63"},"modified":"2025-03-06T20:49:57","modified_gmt":"2025-03-06T19:49:57","slug":"foerdern-helfen","status":"publish","type":"page","link":"https:\/\/www.hundewollenleben.net\/MITROVICA\/foerdern-helfen\/","title":{"rendered":"F\u00f6rdern \/ Helfen"},"content":{"rendered":"<p>Unser Fokus liegt auf der Verringerung der Tieranzahl im Asyl. Daf\u00fcr werden Ausreisen organisiert. Um den auf diese Weise in den EU-Raum verbrachten Tieren eine gute und sch\u00f6ne Zukunft zu bieten, suchen wir<\/p>\n<ul>\n<li>Tierheime und Organisationen &#8211; vorwiegend in \u00d6sterreich, Deutschland und der Schweiz &#8211; die gerettete Hunde vorerst aufnehmen und weiter vermitteln;<\/li>\n<li>Private Personen oder Familien, die Hunde aufnehmen und ihnen ein Heim geben;<\/li>\n<\/ul>\n<p>Besuchen Sie unsere <strong><a href=\"https:\/\/www.hundewollenleben.net\/MITROVICA\/blog-2\/\">Vermittlungsseite<\/a><\/strong> &#8211; Sie finden dort alle Hunde die auf eine Adoption und Ausreise warten!<\/p>\n<hr \/>\n<p>Wir ben\u00f6tigen Ihre Unterst\u00fctzung f\u00fcr unser Projekt. Wenn Sie uns als F\u00f6rderer, Spender oder Mitglied oder anderweitig helfen k\u00f6nnen und m\u00f6chten, bitten wir Sie um Kontaktaufnahme unter<\/p>\n<p>&#8222;HUNDE wollen leben&#8220;\u00a0\u00a0 &#8211;\u00a0\u00a0 Tel. \/ WA <strong>+4369910118251<\/strong> &#8211; Herr Heinz Broucek<\/p>\n<p><a href=\"mailto:office@hundewollenleben.net\"><strong>Email: office@hundewollenleben.net<\/strong><\/a><\/p>\n<p>Vielen Dank!<\/p>\n","protected":false},"excerpt":{"rendered":"<p>Unser Fokus liegt auf der Verringerung der Tieranzahl im Asyl. Daf\u00fcr werden Ausreisen organisiert. Um den auf diese Weise in [&hellip;]<\/p>\n","protected":false},"author":1,"featured_media":0,"parent":0,"menu_order":0,"comment_status":"closed","ping_status":"closed","template":"","meta":{"site-sidebar-layout":"default","site-content-layout":"","ast-site-content-layout":"default","site-content-style":"default","site-sidebar-style":"default","ast-global-header-display":"","ast-banner-title-visibility":"","ast-main-header-display":"","ast-hfb-above-header-display":"","ast-hfb-below-header-display":"","ast-hfb-mobile-header-display":"","site-post-title":"","ast-breadcrumbs-content":"","ast-featured-img":"","footer-sml-layout":"","theme-transparent-header-meta":"default","adv-header-id-meta":"","stick-header-meta":"","header-above-stick-meta":"","header-main-stick-meta":"","header-below-stick-meta":"","astra-migrate-meta-layouts":"set","ast-page-background-enabled":"default","ast-page-background-meta":{"desktop":{"background-color":"var(--ast-global-color-5)","background-image":"","background-repeat":"repeat","background-position":"center center","background-size":"auto","background-attachment":"scroll","background-type":"","background-media":"","overlay-type":"","overlay-color":"","overlay-opacity":"","overlay-gradient":""},"tablet":{"background-color":"","background-image":"","background-repeat":"repeat","background-position":"center center","background-size":"auto","background-attachment":"scroll","background-type":"","background-media":"","overlay-type":"","overlay-color":"","overlay-opacity":"","overlay-gradient":""},"mobile":{"background-color":"","background-image":"","background-repeat":"repeat","background-position":"center center","background-size":"auto","background-attachment":"scroll","background-type":"","background-media":"","overlay-type":"","overlay-color":"","overlay-opacity":"","overlay-gradient":""}},"ast-content-background-meta":{"desktop":{"background-color":"var(--ast-global-color-4)","background-image":"","background-repeat":"repeat","background-position":"center center","background-size":"auto","background-attachment":"scroll","background-type":"","background-media":"","overlay-type":"","overlay-color":"","overlay-opacity":"","overlay-gradient":""},"tablet":{"background-color":"var(--ast-global-color-4)","background-image":"","background-repeat":"repeat","background-position":"center center","background-size":"auto","background-attachment":"scroll","background-type":"","background-media":"","overlay-type":"","overlay-color":"","overlay-opacity":"","overlay-gradient":""},"mobile":{"background-color":"var(--ast-global-color-4)","background-image":"","background-repeat":"repeat","background-position":"center center","background-size":"auto","background-attachment":"scroll","background-type":"","background-media":"","overlay-type":"","overlay-color":"","overlay-opacity":"","overlay-gradient":""}},"footnotes":""},"class_list":["post-63","page","type-page","status-publish","hentry"],"_links":{"self":[{"href":"https:\/\/www.hundewollenleben.net\/MITROVICA\/wp-json\/wp\/v2\/pages\/63","targetHints":{"allow":["GET"]}}],"collection":[{"href":"https:\/\/www.hundewollenleben.net\/MITROVICA\/wp-json\/wp\/v2\/pages"}],"about":[{"href":"https:\/\/www.hundewollenleben.net\/MITROVICA\/wp-json\/wp\/v2\/types\/page"}],"author":[{"embeddable":true,"href":"https:\/\/www.hundewollenleben.net\/MITROVICA\/wp-json\/wp\/v2\/users\/1"}],"replies":[{"embeddable":true,"href":"https:\/\/www.hundewollenleben.net\/MITROVICA\/wp-json\/wp\/v2\/comments?post=63"}],"version-history":[{"count":4,"href":"https:\/\/www.hundewollenleben.net\/MITROVICA\/wp-json\/wp\/v2\/pages\/63\/revisions"}],"predecessor-version":[{"id":699,"href":"https:\/\/www.hundewollenleben.net\/MITROVICA\/wp-json\/wp\/v2\/pages\/63\/revisions\/699"}],"wp:attachment":[{"href":"https:\/\/www.hundewollenleben.net\/MITROVICA\/wp-json\/wp\/v2\/media?parent=63"}],"curies":[{"name":"wp","href":"https:\/\/api.w.org\/{rel}","templated":true}]}}